{"id":13,"date":"2019-01-03T14:52:21","date_gmt":"2019-01-03T14:52:21","guid":{"rendered":"https:\/\/demo.harutheme.com\/pangja\/?page_id=13"},"modified":"2025-05-31T03:29:34","modified_gmt":"2025-05-31T01:29:34","slug":"home-5","status":"publish","type":"page","link":"https:\/\/nadruki-na-plyty.pl\/","title":{"rendered":"Strona g\u0142\u00f3wna"},"content":{"rendered":"<div class=\"wpb-content-wrapper\"><p>[vc_row el_class=&#8221;slideshow-home-1&#8243;][vc_column][vc_row_inner][vc_column_inner][rev_slider_vc alias=&#8221;home-51&#8243;][\/vc_column_inner][\/vc_row_inner][\/vc_column][\/vc_row][vc_row full_width=&#8221;stretch_row&#8221; css=&#8221;.vc_custom_1551166812438{padding-bottom: 1% !important;background-color: #eef4fb !important;}&#8221;][vc_column][vc_row_inner css=&#8221;.vc_custom_1553065574560{padding-top: 3% !important;padding-bottom: 8% !important;}&#8221;][vc_column_inner]                        <div class=\" \">\n                <div class=\"clients-shortcode-wrap carousel \">\n    <div class=\"haru-carousel clients-list owl-carousel owl-theme\"\n        data-items=\"5\"\n        data-items-tablet=\"3\"\n        data-items-mobile=\"2\"\n        data-margin=\"20\"\n        data-autoplay=\"false\"\n        data-slide-duration=\"6000\"\n    >\n            \t<div class=\"client-item\">\n                <a href=\"#\" target=\"_self\">\n                    <img decoding=\"async\" src=\"https:\/\/nadruki-na-plyty.pl\/wp-content\/uploads\/2019\/01\/ms-black.png\" alt=\"MS\">\n                <\/a>\n                <\/div>\n            \t<div class=\"client-item\">\n                <a href=\"#\" target=\"_self\">\n                    <img decoding=\"async\" src=\"https:\/\/nadruki-na-plyty.pl\/wp-content\/uploads\/2025\/05\/pmgy-1.png\" alt=\"ortodoncja\">\n                <\/a>\n                <\/div>\n            \t<div class=\"client-item\">\n                <a href=\"#\" target=\"_self\">\n                    <img decoding=\"async\" src=\"https:\/\/nadruki-na-plyty.pl\/wp-content\/uploads\/2025\/05\/Bez-nazwy-1.png\" alt=\"Centrum\">\n                <\/a>\n                <\/div>\n            \t<div class=\"client-item\">\n                    <img decoding=\"async\" src=\"https:\/\/nadruki-na-plyty.pl\/wp-content\/uploads\/2025\/05\/sopat1.png\" alt=\"Hand\">\n                <\/div>\n            \t<div class=\"client-item\">\n                    <img decoding=\"async\" src=\"https:\/\/nadruki-na-plyty.pl\/wp-content\/uploads\/2025\/05\/dental1.png\" alt=\"Hand\">\n                <\/div>\n            <\/div>\n<\/div>            <\/div>\n                    [\/vc_column_inner][\/vc_row_inner][vc_row_inner][vc_column_inner width=&#8221;1\/3&#8243;]            \n            <div class=\" \">\n                    <div class=\"icon-box-shortcode-wrap style_1 \">\n        <div class=\"icon-box-container\">\n                    <div class=\"icon-wrap\" style=\"color:#006ad0\">\n                <span class=\"simpline icon-rocket\"><\/span>\n            <\/div>    \n                    <div class=\"icon-content\">\n                <h5 class=\"icon-title\">\n                                        Nadruk na P\u0142ytach                                    <\/h5>\n                <p class=\"icon-description\">Najwy\u017csza jako\u015b\u0107 nadruku Zam\u00f3w p\u0142yty z w\u0142asnym logo, projektem lub zle\u0107 nam kompleksowe przygotowanie. Idealne dla firm RTG, muzyk\u00f3w, studi\u00f3w nagraniowych.<\/p>\n            <\/div>\n        <\/div>\n    <\/div>\n            <\/div>\n            \n        [\/vc_column_inner][vc_column_inner width=&#8221;1\/3&#8243;]            \n            <div class=\" \">\n                    <div class=\"icon-box-shortcode-wrap style_1 \">\n        <div class=\"icon-box-container\">\n                    <div class=\"icon-wrap\" style=\"color:#006ad0\">\n                <span class=\"simpline icon-diamond\"><\/span>\n            <\/div>    \n                    <div class=\"icon-content\">\n                <h5 class=\"icon-title\">\n                                        Nadruki Personalizowane                                    <\/h5>\n                <p class=\"icon-description\">Oferujemy nadruk dopasowany do Twojej bran\u017cy \u2013 od medycyny, firm RTG po muzyk\u0119. Ka\u017cda p\u0142yta mo\u017ce by\u0107 unikatowa.<\/p>\n            <\/div>\n        <\/div>\n    <\/div>\n            <\/div>\n            \n        [\/vc_column_inner][vc_column_inner width=&#8221;1\/3&#8243;]            \n            <div class=\" \">\n                    <div class=\"icon-box-shortcode-wrap style_1 \">\n        <div class=\"icon-box-container\">\n                    <a href=\"#\" title=\"\" target=\"_self\">\n                    <div class=\"icon-wrap\" style=\"color:#006ad0\">\n                <span class=\"simpline icon-earphones-alt\"><\/span>\n            <\/div>    \n                    <\/a>\n                    <div class=\"icon-content\">\n                <h5 class=\"icon-title\">\n                                            <a href=\"#\" title=\"\" target=\"_self\">\n                                        Projekt Graficzny                                            <\/a>\n                                    <\/h5>\n                <p class=\"icon-description\">Nie masz gotowego projektu? \u017baden problem!<br \/>\nNasz zesp\u00f3\u0142 przygotuje profesjonalny projekt graficzny p\u0142yty i opakowania, zgodnie z Twoimi oczekiwaniami i profilem dzia\u0142alno\u015bci \u2013 idealne rozwi\u0105zanie dla firm RTG, muzyk\u00f3w i studi\u00f3w nagraniowych.<\/p>\n            <\/div>\n        <\/div>\n    <\/div>\n            <\/div>\n            \n        [\/vc_column_inner][\/vc_row_inner][\/vc_column][\/vc_row][vc_row full_width=&#8221;stretch_row&#8221; css=&#8221;.vc_custom_1551167033517{padding-bottom: 7% !important;background-color: #eef4fb !important;}&#8221;][vc_column width=&#8221;5\/12&#8243; el_class=&#8221;haru-col-sm-5&#8243;][vc_row_inner][vc_column_inner][vc_custom_heading heading_style=&#8221;heading_style_1&#8243; text=&#8221;Nadrukach reklamowe&#8221; use_theme_fonts=&#8221;yes&#8221; css=&#8221;&#8221; sub_heading=&#8221;Nasze us\u0142ugi&#8221;][vc_column_text css=&#8221;.vc_custom_1748649061572{padding-top: 2% !important;}&#8221;]Oferujemy kompleksowe us\u0142ugi nadruku na p\u0142yty CD i DVD oraz ich opakowania \u2013 od pude\u0142ek standard i slim po koperty kartonowe. Realizujemy zam\u00f3wienia dla bran\u017cy medycznej (RTG, diagnostyka obrazowa), muzyk\u00f3w, studi\u00f3w nagra\u0144 i firm multimedialnych. Wykonujemy nadruki\u00a0 zapewniaj\u0105c wysok\u0105 jako\u015b\u0107 i trwa\u0142o\u015b\u0107. Mo\u017cemy r\u00f3wnie\u017c przygotowa\u0107 dla Pa\u0144stwa kompletny projekt graficzny \u2013 od pomys\u0142u po gotowy produkt \u2013 zgodny z bran\u017c\u0105 i indywidualnymi oczekiwaniami.[\/vc_column_text][vc_btn button_style=&#8221;button_style_1&#8243; title=&#8221;Nasza oferta&#8221; css=&#8221;&#8221; link=&#8221;url:%23|||&#8221;][\/vc_column_inner][\/vc_row_inner][\/vc_column][vc_column width=&#8221;1\/12&#8243; el_class=&#8221;haru-col-sm-0&#8243;][\/vc_column][vc_column width=&#8221;1\/2&#8243; el_class=&#8221;haru-col-sm-7&#8243;][vc_row_inner el_class=&#8221;services-home-1&#8243;][vc_column_inner width=&#8221;1\/2&#8243;]            \n            <div class=\" \">\n                    <div class=\"icon-box-shortcode-wrap style_2 \">\n        <div class=\"icon-box-container\">\n                            <a href=\"#\" title=\"\" target=\"_self\">\n                            <div class=\"icon-wrap\">\n                    <span class=\"icon-svg icon-printer\"><\/span>\n                <\/div>\n                            <\/a>\n            \n            <div class=\"icon-content\">\n                <h5 class=\"icon-title\">\n                                            <a href=\"#\" title=\"\" target=\"_self\">\n                                        P\u0142yty CD\/DVD                                            <\/a>\n                                    <\/h5>\n                <p class=\"icon-description\">Potrzebujesz nadruku na p\u0142yty CD lub DVD? Skontaktuj si\u0119 z nami \u2013 oferujemy profesjonaln\u0105 obs\u0142ug\u0119 i najwy\u017csz\u0105 jako\u015b\u0107 wykonania.<\/p>\n            <\/div>\n        <\/div>\n    <\/div>\n            <\/div>\n            \n        [\/vc_column_inner][vc_column_inner width=&#8221;1\/2&#8243;]            \n            <div class=\" \">\n                    <div class=\"icon-box-shortcode-wrap style_2 \">\n        <div class=\"icon-box-container\">\n                            <a href=\"#\" title=\"\" target=\"_self\">\n                            <div class=\"icon-wrap\">\n                    <span class=\"icon-svg icon-tablet\"><\/span>\n                <\/div>\n                            <\/a>\n            \n            <div class=\"icon-content\">\n                <h5 class=\"icon-title\">\n                                            <a href=\"#\" title=\"\" target=\"_self\">\n                                        Projekt grafiiczny                                            <\/a>\n                                    <\/h5>\n                <p class=\"icon-description\">Nie masz projektu? Przygotujemy go dla Ciebie! Tworzymy indywidualne projekty graficzne dopasowane do Twoich potrzeb i bran\u017cy \u2013 szybko, estetycznie i profesjonalnie.<\/p>\n            <\/div>\n        <\/div>\n    <\/div>\n            <\/div>\n            \n        [\/vc_column_inner][\/vc_row_inner][vc_row_inner][vc_column_inner width=&#8221;1\/2&#8243;]            \n            <div class=\" \">\n                    <div class=\"icon-box-shortcode-wrap style_2 \">\n        <div class=\"icon-box-container\">\n                            <a href=\"#\" title=\"\" target=\"_self\">\n                            <div class=\"icon-wrap\">\n                    <span class=\"icon-svg icon-photocopier\"><\/span>\n                <\/div>\n                            <\/a>\n            \n            <div class=\"icon-content\">\n                <h5 class=\"icon-title\">\n                                            <a href=\"#\" title=\"\" target=\"_self\">\n                                        Archiwizacja danych                                            <\/a>\n                                    <\/h5>\n                <p class=\"icon-description\">Zajmujemy si\u0119 nagrywaniem i powielaniem p\u0142yt CD oraz DVD \u2013 szybko, precyzyjnie i w dowolnych nak\u0142adach. Gwarantujemy wysok\u0105 jako\u015b\u0107 zapisu i pe\u0142n\u0105 zgodno\u015b\u0107 z Twoimi wymaganiami.<\/p>\n            <\/div>\n        <\/div>\n    <\/div>\n            <\/div>\n            \n        [\/vc_column_inner][vc_column_inner width=&#8221;1\/2&#8243;]            \n            <div class=\" \">\n                    <div class=\"icon-box-shortcode-wrap style_2 \">\n        <div class=\"icon-box-container\">\n                            <a href=\"#\" title=\"\" target=\"_self\">\n                            <div class=\"icon-wrap\">\n                    <span class=\"icon-svg icon-scanner\"><\/span>\n                <\/div>\n                            <\/a>\n            \n            <div class=\"icon-content\">\n                <h5 class=\"icon-title\">\n                                            <a href=\"#\" title=\"\" target=\"_self\">\n                                        Wysy\u0142ka zam\u00f3wienia                                            <\/a>\n                                    <\/h5>\n                <p class=\"icon-description\">Zam\u00f3wione p\u0142yty i opakowania dostarczamy szybko i bezpiecznie kurierem \u2013 na terenie ca\u0142ej Polski i za granic\u0119. Gwarantujemy terminowo\u015b\u0107 i staranne zapakowanie.<\/p>\n            <\/div>\n        <\/div>\n    <\/div>\n            <\/div>\n            \n        [\/vc_column_inner][\/vc_row_inner][\/vc_column][\/vc_row][vc_row full_width=&#8221;stretch_row_content_no_spaces&#8221; equal_height=&#8221;yes&#8221; css=&#8221;.vc_custom_1547191160898{background-color: #ffffff !important;}&#8221;][vc_column width=&#8221;1\/2&#8243; css=&#8221;.vc_custom_1748652029409{background-color: #FFFFFF !important;background-position: center !important;background-repeat: no-repeat !important;background-size: cover !important;}&#8221;][vc_row_inner][vc_column_inner][vc_gallery interval=&#8221;3&#8243; images=&#8221;2998,2996,2989,2994,2993,2992,2991,2990,2988&#8243; css=&#8221;&#8221;][\/vc_column_inner][\/vc_row_inner][\/vc_column][vc_column width=&#8221;1\/2&#8243; el_class=&#8221;we-do-home-5&#8243;][vc_row_inner css=&#8221;.vc_custom_1551167349397{padding-top: 3% !important;}&#8221;][vc_column_inner][vc_custom_heading heading_style=&#8221;heading_style_1&#8243; text=&#8221;Na jakich produktach wykonujemy nadruk&#8221; use_theme_fonts=&#8221;yes&#8221; css=&#8221;&#8221; sub_heading=&#8221;Nasze us\u0142ugi&#8221;][vc_column_text css=&#8221;.vc_custom_1748651047001{padding-top: 2% !important;}&#8221;]<\/p>\n<article class=\"text-token-text-primary w-full\" dir=\"auto\" data-testid=\"conversation-turn-20\" data-scroll-anchor=\"true\">\n<div class=\"text-base my-auto mx-auto py-5 [--thread-content-margin:--spacing(4)] @[37rem]:[--thread-content-margin:--spacing(6)] @[72rem]:[--thread-content-margin:--spacing(16)] px-(--thread-content-margin)\">\n<div class=\"[--thread-content-max-width:32rem] @[34rem]:[--thread-content-max-width:40rem] @[64rem]:[--thread-content-max-width:48rem] mx-auto flex max-w-(--thread-content-max-width) flex-1 text-base gap-4 md:gap-5 lg:gap-6 group\/turn-messages focus-visible:outline-hidden\" tabindex=\"-1\">\n<div class=\"group\/conversation-turn relative flex w-full min-w-0 flex-col agent-turn\">\n<div class=\"relative flex-col gap-1 md:gap-3\">\n<div class=\"flex max-w-full flex-col grow\">\n<div class=\"min-h-8 text-message relative flex w-full flex-col items-end gap-2 text-start break-words whitespace-normal [.text-message+&amp;]:mt-5\" dir=\"auto\" data-message-author-role=\"assistant\" data-message-id=\"fd77ecca-0f66-4bb2-9108-07453d61b9de\" data-message-model-slug=\"gpt-4o\">\n<div class=\"flex w-full flex-col gap-1 empty:hidden first:pt-[3px]\">\n<div class=\"markdown prose dark:prose-invert w-full break-words light\">\n<p data-start=\"162\" data-end=\"590\" data-is-last-node=\"\" data-is-only-node=\"\">Naszymi g\u0142\u00f3wnymi klientami s\u0105 gabinety RTG, pracownie diagnostyki obrazowej oraz plac\u00f3wki medyczne, kt\u00f3re potrzebuj\u0105 profesjonalnego nadruku na p\u0142yty CD i DVD z badaniami pacjent\u00f3w. Wykonujemy r\u00f3wnie\u017c powielanie no\u015bnik\u00f3w, personalizacj\u0119 nadruk\u00f3w oraz dostarczamy kompletne rozwi\u0105zania archiwizacyjne. Dzi\u0119ki precyzji i jako\u015bci nasze us\u0142ugi s\u0105 tak\u017ce ch\u0119tnie wybierane przez muzyk\u00f3w, studia nagra\u0144 i firmy z bran\u017cy multimedialnej.<\/p>\n<\/div>\n<\/div>\n<\/div>\n<\/div>\n<\/div>\n<div class=\"absolute\">\n<div class=\"flex items-center justify-center\"><\/div>\n<\/div>\n<\/div>\n<\/div>\n<\/div>\n<\/article>\n<div class=\"pointer-events-none h-px w-px\" aria-hidden=\"true\" data-edge=\"true\"><\/div>\n<p>[\/vc_column_text][\/vc_column_inner][\/vc_row_inner][vc_row_inner css=&#8221;.vc_custom_1551167357052{padding-bottom: 3% !important;}&#8221;][vc_column_inner]            <div class=\" \">\n                <div class=\"progress-bar-shortcode-wrapper style_1 \">\n    <div class=\"bar-list\">\n                <div class=\"bar-item\">\n            <div class=\"bar-label\">Nadruki na pude\u0142kach CD <\/div>\n            <div class=\"progress skill-bar \">\n                <div class=\"progress-bar\" role=\"progressbar\" aria-valuenow=\"95\" aria-valuemin=\"0\" aria-valuemax=\"100\">\n                    <span class=\"skill\">95%<\/span>\n                    <!-- <span class=\"popOver\" data-toggle=\"tooltip\" data-placement=\"top\" title=\"95%\"> <\/span> -->\n                <\/div>\n            <\/div>\n        <\/div>\n                <div class=\"bar-item\">\n            <div class=\"bar-label\">Nadruki na kopertach CD<\/div>\n            <div class=\"progress skill-bar \">\n                <div class=\"progress-bar\" role=\"progressbar\" aria-valuenow=\"85\" aria-valuemin=\"0\" aria-valuemax=\"100\">\n                    <span class=\"skill\">85%<\/span>\n                    <!-- <span class=\"popOver\" data-toggle=\"tooltip\" data-placement=\"top\" title=\"85%\"> <\/span> -->\n                <\/div>\n            <\/div>\n        <\/div>\n                <div class=\"bar-item\">\n            <div class=\"bar-label\">Nadruki na pude\u0142kach DVD<\/div>\n            <div class=\"progress skill-bar \">\n                <div class=\"progress-bar\" role=\"progressbar\" aria-valuenow=\"70\" aria-valuemin=\"0\" aria-valuemax=\"100\">\n                    <span class=\"skill\">70%<\/span>\n                    <!-- <span class=\"popOver\" data-toggle=\"tooltip\" data-placement=\"top\" title=\"70%\"> <\/span> -->\n                <\/div>\n            <\/div>\n        <\/div>\n                <div class=\"bar-item\">\n            <div class=\"bar-label\">Nadruki na DIGIPACK 4P \/ 6P<\/div>\n            <div class=\"progress skill-bar \">\n                <div class=\"progress-bar\" role=\"progressbar\" aria-valuenow=\"70\" aria-valuemin=\"0\" aria-valuemax=\"100\">\n                    <span class=\"skill\">70%<\/span>\n                    <!-- <span class=\"popOver\" data-toggle=\"tooltip\" data-placement=\"top\" title=\"70%\"> <\/span> -->\n                <\/div>\n            <\/div>\n        <\/div>\n            <\/div>\n<\/div>            <\/div>\n        [\/vc_column_inner][\/vc_row_inner][\/vc_column][\/vc_row][vc_row full_width=&#8221;stretch_row&#8221; css=&#8221;.vc_custom_1551167660249{padding-top: 4% !important;padding-bottom: 6% !important;background-color: #eef4fb !important;}&#8221;][vc_column][\/vc_column][\/vc_row][vc_row full_width=&#8221;stretch_row&#8221; equal_height=&#8221;yes&#8221; css=&#8221;.vc_custom_1548672509522{background-color: #eef4fb !important;background-position: center !important;background-repeat: no-repeat !important;background-size: cover !important;}&#8221; el_class=&#8221;shape-row contact-home-1&#8243;][vc_column][vc_row_inner css=&#8221;.vc_custom_1548673366762{background-image: url(http:\/\/serwer361659.lh.pl\/autoinstalator\/serwer361659.lh.pl\/wordpress121898\/wp-content\/uploads\/2019\/01\/contact-home-1bg.png?id=415) !important;}&#8221; el_class=&#8221;home-1-contact-form&#8221;][vc_column_inner][vc_custom_heading heading_style=&#8221;heading_style_3&#8243; text=&#8221;Skontaktuj si\u0119 z nami&#8221; use_theme_fonts=&#8221;yes&#8221; css=&#8221;.vc_custom_1748652336129{padding-bottom: 5% !important;}&#8221;]\n<div class=\"wpcf7 no-js\" id=\"wpcf7-f182-o1\" lang=\"en-US\" dir=\"ltr\" data-wpcf7-id=\"182\">\n<div class=\"screen-reader-response\"><p role=\"status\" aria-live=\"polite\" aria-atomic=\"true\"><\/p> <ul><\/ul><\/div>\n<form action=\"\/index.php\/wp-json\/wp\/v2\/pages\/13#wpcf7-f182-o1\" method=\"post\" class=\"wpcf7-form init\" aria-label=\"Contact form\" novalidate=\"novalidate\" data-status=\"init\">\n<div style=\"display: none;\">\n<input type=\"hidden\" name=\"_wpcf7\" value=\"182\" \/>\n<input type=\"hidden\" name=\"_wpcf7_version\" value=\"6.0.6\" \/>\n<input type=\"hidden\" name=\"_wpcf7_locale\" value=\"en_US\" \/>\n<input type=\"hidden\" name=\"_wpcf7_unit_tag\" value=\"wpcf7-f182-o1\" \/>\n<input type=\"hidden\" name=\"_wpcf7_container_post\" value=\"0\" \/>\n<input type=\"hidden\" name=\"_wpcf7_posted_data_hash\" value=\"\" \/>\n<\/div>\n<div class=\"contact-form\">\n\n  <div class=\"contact-name\">\n    <h5 class=\"contact-title\">Imi\u0119\/nazwa firmy<span>*<\/span><\/h5>\n    <div><span class=\"wpcf7-form-control-wrap\" data-name=\"your-name\"><input size=\"40\" maxlength=\"400\" class=\"wpcf7-form-control wpcf7-text wpcf7-validates-as-required\" aria-required=\"true\" aria-invalid=\"false\" placeholder=\"\" value=\"\" type=\"text\" name=\"your-name\" \/><\/span><\/div>\n  <\/div>\n\n  <div class=\"contact-email\">\n    <h5 class=\"contact-title\">Tw\u00f3j adres email<span>*<\/span><\/h5>\n    <div><span class=\"wpcf7-form-control-wrap\" data-name=\"your-email\"><input size=\"40\" maxlength=\"400\" class=\"wpcf7-form-control wpcf7-email wpcf7-validates-as-required wpcf7-text wpcf7-validates-as-email\" aria-required=\"true\" aria-invalid=\"false\" placeholder=\"\" value=\"\" type=\"email\" name=\"your-email\" \/><\/span><\/div>\n  <\/div>\n\n  <div class=\"contact-phone\">\n    <h5 class=\"contact-title\">Tw\u00f3j numer telefonu<\/h5>\n    <div><span class=\"wpcf7-form-control-wrap\" data-name=\"your-phone\"><input size=\"40\" maxlength=\"400\" class=\"wpcf7-form-control wpcf7-tel wpcf7-text wpcf7-validates-as-tel\" aria-invalid=\"false\" placeholder=\"\" value=\"\" type=\"tel\" name=\"your-phone\" \/><\/span><\/div>\n  <\/div>\n\n  <div class=\"contact-subject\">\n    <h5 class=\"contact-title\">Produkty jakie potrzebujesz<\/h5>\n    <div><span class=\"wpcf7-form-control-wrap\" data-name=\"your-subject\"><input size=\"40\" maxlength=\"400\" class=\"wpcf7-form-control wpcf7-text\" aria-invalid=\"false\" placeholder=\"\" value=\"\" type=\"text\" name=\"your-subject\" \/><\/span><\/div>\n  <\/div>\n\n  <div class=\"contact-quantity\">\n    <h5 class=\"contact-title\">Ilo\u015b\u0107 sztuk<\/h5>\n    <div><span class=\"wpcf7-form-control-wrap\" data-name=\"your-quantity\"><input class=\"wpcf7-form-control wpcf7-number wpcf7-validates-as-number\" min=\"1\" aria-invalid=\"false\" placeholder=\"\" value=\"\" type=\"number\" name=\"your-quantity\" \/><\/span><\/div>\n  <\/div>\n\n  <div class=\"contact-message\">\n    <h5 class=\"contact-title\">Message<\/h5>\n    <div><span class=\"wpcf7-form-control-wrap\" data-name=\"your-message\"><textarea cols=\"40\" rows=\"5\" maxlength=\"2000\" class=\"wpcf7-form-control wpcf7-textarea\" aria-invalid=\"false\" placeholder=\"\" name=\"your-message\"><\/textarea><\/span><\/div>\n  <\/div>\n\n  <div class=\"contact-submit\">\n    <input class=\"wpcf7-form-control wpcf7-submit has-spinner\" type=\"submit\" value=\"Send Message\" \/>\n  <\/div>\n\n<\/div><div class=\"wpcf7-response-output\" aria-hidden=\"true\"><\/div>\n<\/form>\n<\/div>\n[\/vc_column_inner][\/vc_row_inner][\/vc_column][\/vc_row]<\/p>\n<\/div>","protected":false},"excerpt":{"rendered":"<p>[vc_row el_class=&#8221;slideshow-home-1&#8243;][vc_column][vc_row_inner][vc_column_inner][rev_slider_vc alias=&#8221;home-51&#8243;][\/vc_column_inner][\/vc_row_inner][\/vc_column][\/vc_row][vc_row full_width=&#8221;stretch_row&#8221; css=&#8221;.vc_custom_1551166812438{padding-bottom: 1% !important;background-color: #eef4fb !important;}&#8221;][vc_column][vc_row_inner css=&#8221;.vc_custom_1553065574560{padding-top: 3% !important;padding-bottom: 8% !important;}&#8221;][vc_column_inner][\/vc_column_inner][\/vc_row_inner][vc_row_inner][vc_column_inner width=&#8221;1\/3&#8243;][\/vc_column_inner][vc_column_inner width=&#8221;1\/3&#8243;][\/vc_column_inner][vc_column_inner width=&#8221;1\/3&#8243;][\/vc_column_inner][\/vc_row_inner][\/vc_column][\/vc_row][vc_row full_width=&#8221;stretch_row&#8221; css=&#8221;.vc_custom_1551167033517{padding-bottom: 7% !important;background-color: #eef4fb !important;}&#8221;][vc_column width=&#8221;5\/12&#8243; el_class=&#8221;haru-col-sm-5&#8243;][vc_row_inner][vc_column_inner][vc_custom_heading heading_style=&#8221;heading_style_1&#8243; text=&#8221;Nadrukach reklamowe&#8221; use_theme_fonts=&#8221;yes&#8221; css=&#8221;&#8221; sub_heading=&#8221;Nasze us\u0142ugi&#8221;][vc_column_text css=&#8221;.vc_custom_1748649061572{padding-top: 2% !important;}&#8221;]Oferujemy kompleksowe us\u0142ugi nadruku na p\u0142yty CD i DVD oraz ich opakowania \u2013 od pude\u0142ek standard i slim po koperty kartonowe. [&hellip;]<\/p>\n","protected":false},"author":1,"featured_media":0,"parent":0,"menu_order":0,"comment_status":"closed","ping_status":"closed","template":"","meta":{"_monsterinsights_skip_tracking":false,"_monsterinsights_sitenote_active":false,"_monsterinsights_sitenote_note":"","_monsterinsights_sitenote_category":0,"footnotes":""},"class_list":["post-13","page","type-page","status-publish","hentry","clearfix"],"aioseo_notices":[],"jetpack_sharing_enabled":true,"_links":{"self":[{"href":"https:\/\/nadruki-na-plyty.pl\/index.php\/wp-json\/wp\/v2\/pages\/13","targetHints":{"allow":["GET"]}}],"collection":[{"href":"https:\/\/nadruki-na-plyty.pl\/index.php\/wp-json\/wp\/v2\/pages"}],"about":[{"href":"https:\/\/nadruki-na-plyty.pl\/index.php\/wp-json\/wp\/v2\/types\/page"}],"author":[{"embeddable":true,"href":"https:\/\/nadruki-na-plyty.pl\/index.php\/wp-json\/wp\/v2\/users\/1"}],"replies":[{"embeddable":true,"href":"https:\/\/nadruki-na-plyty.pl\/index.php\/wp-json\/wp\/v2\/comments?post=13"}],"version-history":[{"count":24,"href":"https:\/\/nadruki-na-plyty.pl\/index.php\/wp-json\/wp\/v2\/pages\/13\/revisions"}],"predecessor-version":[{"id":2972,"href":"https:\/\/nadruki-na-plyty.pl\/index.php\/wp-json\/wp\/v2\/pages\/13\/revisions\/2972"}],"wp:attachment":[{"href":"https:\/\/nadruki-na-plyty.pl\/index.php\/wp-json\/wp\/v2\/media?parent=13"}],"curies":[{"name":"wp","href":"https:\/\/api.w.org\/{rel}","templated":true}]}}